(c) = -30*c - 2. Let x be r(-2). Let t = -38 + x. What is the remainder when 57 + (3 - 1 - 2) is divided by t?
17
Let p(b) = 19*b + 91. Calculate the remainder when p(13) is divided by 88.
74
Let a be (630/(-56))/(0 + (-3)/8). Suppose -a*r + 40 = -26*r. Calculate the remainder when 38 is divided by r.
8
Let p be 24/32 - (54/(-8))/(-1). Calculate the remainder when 17 is divided by ((-4)/p)/(22/165).
2
Suppose 0 = 7*n - n - 30. Suppose -n*a = 5*q - 140, 0*q = -2*q - a + 51. What is the remainder when 43 is divided by q?
20
Suppose i - 130 = -5*v, 338 + 212 = 5*i + 5*v. Suppose 3*r = 5*r - 54. What is the remainder when i is divided by r?
24
Suppose 101*f - 466 - 300 = -59. Suppose 0 = -w + 27 + 11. Calculate the remainder when w is divided by f.
3
Suppose -2*f - 50 = -0*f. What is the remainder when (-15)/f - (-454)/10 is divided by 24?
22
Suppose 3*n - 4*o = -0*n + 34, 4*o + 44 = 4*n. Suppose -n*y + 156 = -4*y. What is the remainder when 75 is divided by y?
23
Suppose 0 = 2*v - 4*r - 32, -2*r - 102 = -4*v - 8. What is the remainder when 95 is divided by v?
17
Let c = -91 + 114. Calculate the remainder when 60 is divided by c.
14
Suppose -7*h + 4*h - 114 = 0. Let t = 49 + h. Let q = 10 - -10. What is the remainder when q is divided by t?
9
Let p be (4/8 + -1)*-434. Suppose -7*k = -14*k + p. Suppose -2*v = 5*i - 31, 0*v - 5*v + 34 = -2*i. What is the remainder when k is divided by v?
7
Let b = 6 + 8. Suppose 0 = -k + 3*f + 34, -f - b = -3*k + 88. What is the remainder when 271 is divided by k?
33
Suppose 14*o - 5808 = -62*o - 45*o. Suppose 3*v + 4*n - 59 = 0, -n - 36 = -2*v - 2*n. What is the remainder when o is divided by v?
14
Suppose 0 = -4*b - 2*n + 294, 3*b - 4*n = -n + 216. Let u = -63 + b. What is the remainder when u is divided by 3?
1
Let n = -35 + 28. What is the remainder when 26 is divided by (n/(-3))/((-9)/(-27))?
5
Calculate the remainder when 148 is divided by 3/(5 + 736/(-152)).
15
Let c(z) = z**2 - 12*z - 9. Let h be c(12). What is the remainder when 0 + 12 - (-36)/h is divided by (9/6 + -1)*6?
2
Suppose 2*g = 198 - 168. What is the remainder when g is divided by 1?
0
Let z be (-6)/21 - ((-61780)/(-28))/(-5). Let s = 624 - z. What is the remainder when s is divided by 47?
42
Let l(q) = -3*q**2. Let a(t) = 8*t**2 + 4*t. Let f(o) = a(o) - 3*l(o). Let w = -7 - -5. Calculate the remainder when f(w) is divided by 9.
6
Let x = 23 + -18. Suppose x*m - 24 = m. Let t(f) = -9*f - 4. Calculate the remainder when t(-3) is divided by m.
5
Suppose 15 = 4*p - r + 4*r, 4*p - 4*r + 20 = 0. What is the remainder when 70 is divided by (36/3 + 0 + p)*1?
10
Let z(n) = 4*n + 18. Let f be z(-6). Let s = 15 - f. What is the remainder when s is divided by 8?
5
Suppose -36*t + 1804 = 616. What is the remainder when 97 is divided by t?
31
Let p(i) = 2*i**3 - 11*i**2 - 9*i + 9. Let w be p(6). Calculate the remainder when (2 - 86)*3/w is divided by 10.
8
Let u be 23/(-115) + 1/5 + 0. Suppose -q = v - 6*v + 355, u = -2*v - 3*q + 142. What is the remainder when v is divided by 19?
14
Let l = -615 - -1032. Let w = l + -175. Calculate the remainder when w is divided by 49.
46
Let i(z) = z**3 - 5*z - 1. Let w be i(-2). Calculate the remainder when 83 is divided by (4 + -6)/(w + 69/(-63)).
20
Suppose -56 = -5*l - b, 0 = -b - 8 + 4. What is the remainder when 189 is divided by l?
9
Calculate the remainder when 12084/456*-1*(-11 - 1) is divided by 54.
48
Let y(d) = -d**3 + 10*d**2 + 124*d + 17. What is the remainder when y(-8) is divided by 24?
9
Let y = -8 - -13. Suppose -3*s + g - 2 + 16 = 0, y*s - g = 22. Suppose 2*m - 93 = v + 58, -s*m - v + 293 = 0. Calculate the remainder when m is divided by 25.
24
Suppose -5*m = -6*m - 3. Let o(g) = -2*g**3 - 2*g**2 - 5*g - 1. Calculate the remainder when o(m) is divided by 13.
11
Suppose 0 = 3*h + 40 - 10. Let b be (-1084)/h - 16/40. Let s = b - 76. Calculate the remainder when 61 is divided by s.
29
Suppose 436 + 139 = 5*g. What is the remainder when g is divided by 35?
10
Let r = -26 + 34. Suppose -6*q + 2*t = -2*q - 8, -2*t = -5*q + 10. Suppose -j + q*h + 7 = 2*j, 3*j - 19 = -h. Calculate the remainder when r is divided by j.
3
Suppose 2*h = 2*j + 3*h - 5, -j + 2*h = -10. Suppose 3*z - j*z - 6 = -2*y, -5*z = -3*y - 5. What is the remainder when z is divided by 1?
0
Let s(f) = -f**3 - f**2 + 4. Let a be s(-3). Suppose -48 = 3*y + 3*g, 6*y - 4*y + 4*g = -40. Let p = y + a. What is the remainder when 48 is divided by p?
8
Suppose 0 = -193*h + 153*h + 4360. What is the remainder when h is divided by 104?
5
Suppose -a = -12*a + 242. Suppose i - 5*z + 53 = 5*i, 3*z = -i + a. What is the remainder when i is divided by 5?
2
Suppose -18*p - 2 = -19*p. Suppose 38 = p*s - 2*u, -5*s + 85 = 3*u - 6*u. Calculate the remainder when 39 is divided by s.
11
Suppose 5*x - 104 = 4*p + 59, 6 = 2*p. Calculate the remainder when 96 is divided by x.
26
Let x = 69 - 69. Suppose x = 48*c - 49*c + 139. Calculate the remainder when c is divided by 20.
19
Let p = -70 - -72. Suppose -3*b = -4*s - 34, -5*s + 23 = 3*b - p. Calculate the remainder when (-257)/(-7) - 2/(-7) is divided by b.
7
Calculate the remainder when ((-20)/16 - (-1)/4)*-41 is divided by 95/4 - 1/(-4).
17
Suppose 2*n - 27 = 39. Suppose n + 1899 = 4*a. Suppose h + 3*t = t + 93, -5*h = 4*t - a. Calculate the remainder when h is divided by 17.
14
Suppose -2*k = -4*c + 65 + 37, 2*c - 50 = 2*k. Suppose -c - 16 = 2*t. Calculate the remainder when 25 is divided by t/(-1)*(-12)/(-18).
11
Calculate the remainder when -9*(-4)/(-84) - 2264/(-7) is divided by 104.
11
Let w = 3 - 1. Suppose 0 = 23*s - 33*s + 100. Calculate the remainder when s is divided by w.
0
Suppose -4 = -2*l, 2*k - k = -l + 25. Suppose 19*m = 14*m + 555. What is the remainder when m is divided by k?
19
Suppose -28*z - 112 = -29*z. Suppose 20*m - z - 48 = 0. Calculate the remainder when 26 is divided by m.
2
Let h = -769 - -890. Calculate the remainder when 353 is divided by h.
111
Suppose -y - 4*y + 25 = 0. Let v(i) = 57*i - 42. Let n(g) = -7*g + 5. Let x(p) = -33*n(p) - 4*v(p). Calculate the remainder when x(y) is divided by 10.
8
Suppose 6460 = 208*w - 188*w. Calculate the remainder when w is divided by 54.
53
Suppose 4*j - d - 147 = -j, -2*d = 4. Let t = 4 + 52. What is the remainder when t is divided by j?
27
Suppose -450 = 96*n - 105*n. Calculate the remainder when 136 is divided by n.
36
Suppose 3*k - 13 = -4. Calculate the remainder when (65 - 2) + (-9)/k is divided by 21.
18
Let d(g) = -107*g**3 - 2*g**2 - 3*g + 3. Let p(h) = -107*h**3 - h**2 - 2*h + 2. Let n(z) = 2*d(z) - 3*p(z). What is the remainder when n(1) is divided by 27?
25
Suppose -145 = -8*d + 215. Calculate the remainder when d is divided by 23.
22
Suppose 5*t = 6 + 19. Let w = -100 - -117. What is the remainder when w is divided by t?
2
Let m be 2/(2 - (-25)/(-10)). Calculate the remainder when 12 is divided by -2 + (0 - (-5 + m)).
5
Let z = 32 + -4. Suppose 0 = -g - 1 + 496. What is the remainder when 1*-3*g/(-27) is divided by z?
27
Let z = -110 + 260. Calculate the remainder when z is divided by 38.
36
Let y be (-49)/(-14)*(-12)/(-21). Suppose -5 = y*a - 15. Calculate the remainder when 11 is divided by a.
1
Suppose 76 = 2*t + 2*t. Let n = -129 + 105. Let x = 59 + n. Calculate the remainder when x is divided by t.
16
Let z be (-74)/(-14) - 8/28. Suppose z*d - 37 = -3*v, v - 13 = -0*v - d. Calculate the remainder when v is divided by 5.
4
Let t(x) = -4*x + 102. What is the remainder when t(-25) is divided by 68?
66
Let c(o) = -o**3 + o - 57. Let s(w) = -4*w + 2. What is the remainder when c(-6) is divided by s(-3)?
13
Let i = -280 - -296. Calculate the remainder when 110 is divided by i.
14
Suppose 2*s + 2*s + 2*j = 98, 2*s = 3*j + 29. Calculate the remainder when 44 is divided by s.
0
What is the remainder when (-18 + (-3 - -5))*(-89)/4 is divided by 18?
14
Let r = 18 - 9. What is the remainder when r is divided by (-7)/(21/(-12)) - 0?
1
Suppose 3*o = 3*n + 42, -4 = -3*o + n + 32. What is the remainder when 2/4 - 77/(-2) is divided by o?
6
Let o(u) = -15*u + 10. What is the remainder when 396 is divided by o(-2)?
36
What is the remainder when (-3)/4*-83*4 is divided by 120?
9
Let r = 3 + -1. Let g be 1 + (5 - 0)*10. Let i = g - 42. What is the r